k) = 2*k**3 - 17*k**2 - 9*k + 6. Determine n(9).
6
Let m(a) = a**3 + a**2 - 6*a + 29. Determine m(0).
29
Let o(y) = y**2 - 25*y + 34. Calculate o(21).
-50
Let a(c) = -c**3 - 15*c**2 + 14*c - 25. What is a(-16)?
7
Let p(j) = -5*j + 25. Determine p(7).
-10
Let o(l) = -l**2 - 3*l - 5. What is o(-11)?
-93
Let b(r) = 10*r - 172. Determine b(19).
18
Let n(d) = 6*d**2 - 9*d - 6. Determine n(5).
99
Let p(g) = -g - 9. Determine p(-4).
-5
Let j(m) = m - 32. Determine j(13).
-19
Let m(d) = -d**3 - 10*d**2 + d + 21. Determine m(-10).
11
Let c(y) = y**3 + 4*y**2 + 10*y + 29. Give c(-4).
-11
Let m(s) = -6*s + 7. Determine m(7).
-35
Let u(a) = -a**3 - 18*a**2 + 37*a - 51. Give u(-20).
9
Let q(y) = y**3 + 5*y**2 + 3*y + 5. Give q(-5).
-10
Let w(x) = -x**2 - 2*x + 216. What is w(-15)?
21
Let w(j) = j**3 + 6*j**2 - 2*j - 6. Give w(-6).
6
Let k(g) = 2*g - 3. Calculate k(1).
-1
Let r(h) = 10*h - 73. Give r(8).
7
Let m(o) = 43*o - 6. Calculate m(1).
37
Let q(r) = -2*r + 5. What is q(0)?
5
Let o(v) = 10*v**2 + 5. What is o(4)?
165
Let t(g) = 27*g + 283. What is t(-10)?
13
Let r(m) = -9*m - 8. Calculate r(-1).
1
Let b(n) = -n**2 + 4*n + 6. Calculate b(7).
-15
Let y(z) = -z**2 - z + 3. What is y(4)?
-17
Let c(q) = 3*q + 17. Calculate c(-5).
2
Let u(p) = 2*p**2 - 14*p + 6. What is u(6)?
-6
Let o(p) = -p**3 - 8*p**2 + 8*p + 14. Give o(-8).
-50
Let v(f) = -f**3 - 5*f**2 - 6*f + 4. Give v(-3).
4
Let h(a) = -a**3 + a**2 + 2*a + 6. What is h(3)?
-6
Let q(b) = b**3 - 6*b**2 + 11*b. What is q(4)?
12
Let a(l) = -3*l - 3. What is a(7)?
-24
Let u(w) = w**2 - 10*w - 6. Give u(10).
-6
Let h(o) = 4*o**3 - 2*o + 1. What is h(2)?
29
Let s(v) = 18*v + 22. What is s(3)?
76
Let d(w) = w - 4. What is d(0)?
-4
Let w(h) = -h**2 + 20*h - 30. Calculate w(12).
66
Let k(f) = 3*f - 33. Determine k(18).
21
Let m(l) = 6*l - 7. Give m(3).
11
Let z(w) = 2*w + 29. Calculate z(-12).
5
Let d(p) = -16*p + 47. Determine d(3).
-1
Let b(k) = -2*k - 12. Determine b(0).
-12
Let n(r) = r**2 - 12*r + 19. Determine n(4).
-13
Let a(s) = -s**2 + s + 4. Determine a(0).
4
Let q(f) = 2*f**2 - 24*f + 16. Determine q(11).
-6
Let p(y) = y**3 - 3*y**2 - 2*y - 1. What is p(-2)?
-17
Let f(d) = 2*d**3 + 12*d**2 + 12*d - 2. Calculate f(-5).
-12
Let d(k) = k**3 + 3*k**2 - k + 8. What is d(-4)?
-4
Let u(i) = -24*i**3 + i**2. What is u(-1)?
25
Let v(q) = 2*q - 4. What is v(-4)?
-12
Let z(c) = c**3 + 6*c**2 + 3*c - 1. Give z(-3).
17
Let k(n) = -n**3 - 6*n**2 + 15*n - 11. What is k(-8)?
-3
Let o(d) = d**3 + 7*d**2 - d + 15. Determine o(-7).
22
Let v(g) = g**3 + 13*g**2 - 19*g - 4. Give v(-14).
66
Let o(j) = -j**3 + 6*j**2 - 6*j + 4. Calculate o(5).
-1
Let u(s) = s**3 - 6*s**2 - 7*s - 3. Give u(7).
-3
Let u(g) = g**2 - 29*g - 202. Calculate u(-6).
8
Let x(z) = -z**3 - 12*z**2 - 12*z - 9. Determine x(-11).
2
Let v(p) = 2*p - 8. What is v(11)?
14
Let k(j) = j**2 + 10*j - 7. What is k(-11)?
4
Let o(i) = i**2 - 6*i + 4. What is o(4)?
-4
Let h(b) = -7*b - 6. What is h(-2)?
8
Let p(u) = -u**2 + 3*u + 6. What is p(6)?
-12
Let z(k) = -k. What is z(4)?
-4
Let j(b) = 4*b + 8. Determine j(7).
36
Let m(r) = 10*r**2 - 19*r + 19. Give m(1).
10
Let r(v) = v**3 + 31. Determine r(0).
31
Let a(t) = 3*t - 4. Determine a(0).
-4
Let g(q) = 16*q + 2. Give g(2).
34
Let x(z) = -2*z + 41. What is x(18)?
5
Let z(t) = t + 10. Calculate z(5).
15
Let c(d) = -17*d - 240. Give c(-15).
15
Let g(j) = j**2 + 9*j + 8. What is g(-7)?
-6
Let t(v) = -v**3 - 2*v**2 + 9*v - 2. Calculate t(-4).
-6
Let a(u) = u**3 - 11*u**2 + 3*u. Give a(3).
-63
Let w(v) = v**3 + 8*v**2 - v - 3. What is w(-8)?
5
Let h(y) = -2*y - 3. Give h(-11).
19
Let f(w) = 3*w**2 + 44*w - 40. Give f(-15).
-25
Let m(g) = -g**3 - 11*g**2 + 10*g - 28. Calculate m(-12).
-4
Let s(l) = 3*l + 3. What is s(-4)?
-9
Let a(q) = 14*q + 5. Give a(-1).
-9
Let r(o) = -o**2 + 12*o - 28. Determine r(8).
4
Let u(o) = o**3 + 4*o**2 - 2*o + 7. Determine u(-5).
-8
Let r(y) = -2*y**3 + 12*y**2 - 3*y + 15. Give r(6).
-3
Let k(u) = -u**3 + 2*u**2 + 2*u - 3. Give k(3).
-6
Let v(r) = r**2 - 28*r + 81. Give v(3).
6
Let b(z) = z**3 - 5*z**2 - 11*z + 26. Give b(6).
-4
Let x(k) = 3*k - 75. Calculate x(19).
-18
Let f(x) = x**2 - 7*x + 7. What is f(6)?
1
Let u(j) = -7*j**2 + 10*j - 3. Calculate u(2).
-11
Let u(f) = -15*f + 109. Determine u(6).
19
Let w(x) = -15*x**2 - 6*x + 18. Give w(2).
-54
Let d(j) = 2*j**3 + 78*j**2 + j + 44. Determine d(-39).
5
Let w(p) = p**2 + 19*p + 49. Calculate w(-4).
-11
Let o(w) = -w**3 - 7*w**2 + 11*w - 5. Determine o(-9).
58
Let y(g) = g**2 - 32*g + 13. Determine y(31).
-18
Let v(b) = 2*b**2 + 15*b + 4. What is v(-7)?
-3
Let h(n) = -68*n**2 - n. Determine h(1).
-69
Let y(g) = -g**2 - 20*g - 83. Calculate y(-6).
1
Let c(x) = 37*x**3 - 2*x**2 + 1. Calculate c(-1).
-38
Let w(o) = -2*o**2 - 9*o + 13. What is w(-4)?
17
Let x(l) = l**2 - 10*l + 11. Determine x(8).
-5
Let a(t) = -7*t**2 + 6. Give a(-2).
-22
Let h(j) = -j**2 - 10*j - 8. Determine h(-6).
16
Let m(n) = n**2 - 2*n + 2. What is m(13)?
145
Let k(v) = 4*v. Determine k(-4).
-16
Let x(a) = -6*a + 44. Calculate x(8).
-4
Let h(r) = r**3 + r**2 + 1. Give h(-3).
-17
Let z(y) = y**3 + 2*y - 2. Determine z(1).
1
Let p(g) = -g**3 - g**2 + 1. What is p(-1)?
1
Let c(t) = 3*t**2 + 2*t - 1. Determine c(-2).
7
Let s(d) = -d**2 - 2*d + 8. What is s(0)?
8
Let n(i) = 3*i + 7. Determine n(0).
7
Let r(q) = -2*q + 7. Give r(10).
-13
Let x(c) = -54*c + 214. Determine x(4).
-2
Let v(a) = -a**2 - 27*a - 133. Give v(-21).
-7
Let w(d) = 2*d**3 + 3*d**2 + 4*d - 1. What is w(-3)?
-40
Let p(x) = x**2 + 12*x + 6. What is p(-12)?
6
Let s(i) = i**3 - 6*i**2 + 24*i - 96. Calculate s(5).
-1
Let n(m) = 2*m**3 + 2*m**2 - 3*m. Give n(2).
18
Let q(h) = 3*h**2 - 53*h - 30. Give q(19).
46
Let m(y) = 2*y**3 - 5*y**2 + 3*y - 2. Determine m(3).
16
Let a(i) = -i + 19. What is a(16)?
3
Let o(z) = -3*z + 41. Calculate o(7).
20
Let q(r) = r**3 + 8*r**2 - 19*r - 93. What is q(-9)?
-3
Let x(m) = -m**3 + 22*m**2 + 6*m + 33. Determine x(22).
165
Let w(z) = -2*z**2 + 33*z + 23. Give w(16).
39
Let z(h) = 3*h + 18. Calculate z(-10).
-12
Let i(b) = -b**3 - 12*b**2 - 3*b - 34. Calculate i(-12).
2
Let t(h) = -74*h - 3. Determine t(-1).
71
Let l(b) = -b**2 + 8*b + 52. Calculate l(-4).
4
Let g(x) = x**3 + 28*x**2 + 75*x + 10. Determine g(-25).
10
Let k(f) = -f**3 + 2*f**2 + 5*f - 18. Determine k(4).
-30
Let u(a) = -a - 7. What is u(-11)?
4
Let z(w) = -8*w + 44. What is z(8)?
-20
Let y(h) = -h**3 + h. Calculate y(0).
0
Let g(r) = r**3 - 11*r**2 + 23*r - 54. Determine g(9).
-9
Let k(n) = -5*n**2 + 3*n + 2. Calculate k(-1).
-6
Let r(i) = i**3 - 5*i**2 - 4. Calculate r(5).
-4
Let v(x) = -5*x**3 - 5*x**2 - 11*x - 7. Calculate v(-1).
4
Let x(y) = y + 7. Determine x(12).
19
Let h(b) = 2*b**3 + 5*b**2 + 9*b + 36. Determine h(-3).
0
Let a(y) = y**3 - 11*y**2 + 6*y + 10. Give a(10).
-30
Let p(m) = 5*m**2 + 7*m - 22. What is p(-5)?
68
Let w(k) = 2*k**2 + k + 7. Determine w(-2).
13
Let d(s) = -s**2 + 18*s - 49. Determine d(14).
7
Let k(h) = 2*h**3 + 10*h**2 + 11*h + 10. What is k(-4)?
-2
Let y(i) = -i**3 - 5*i**2 + 7*i - 3. What is y(-5)?
-38
Let g(m) = -11*m**2 + 7. Calculate g(3).
-92
Let s(p) = p**3 + 13*p**2 + 14*p + 15. Give s(-12).
-9
Let g(t) = -t**3 + 7*t**2 + 7*t + 18. What is g(8)?
10
Let l(t) = t**2 + 12*t + 24. What is l(-6)?
-12
Let v(m) = -2*m**2 - 9*m + 32. Give v(-9).
-49
Let h(l) = l**2 + 6*l - 24. What is h(5)?
31
Let b(s) = -s**3 + 6*s**2 + 10*s + 16. Give b(7).
37
Let k(m) = 2*m**3 + 6*m**2 - 9*m - 3. What is k(-4)?
1
Let j(k) = -k**3 - 14*k**2 + 17. Give j(-14).
17
Let n(z) = z**3 - 3*z**2 - 3*z + 9. Give n(5).
44
Let f(t) = t - 34. What is f(9)?
-25
Let i(s) = -6*s + 102. Give i(12).
30
Let r(l) = l**2 - 3*l + 2. Calculate r(2).
0
Let g(f) = 2*f**2 - 2*f - 2. Give g(2).
2
Let j(f) = f - 12. What is j(3)?
-9
Let f(s) = -5*s - 99. Determine f(-20).
1
Let m(t) = 2*t**2 + 12*t + 9. Determine m(-8).
41
Let r(y) = -9*y**2 + 2*y + 2. Calculate r(-2).
-38
Let q(l) = -3*l**3 - l**2 + 3. Determine q(2).
-25
Let j(w) = -19*w + 11. What is j(1)?
-8
Let b(w) = -10*w - 78. Calculate b(-9).
12
Let l(m) = 4*m + 30. Calculate l(-9).
-6
Let k(d) = 11*d - 274. Give k(25).
1
Let y(j) = j**2 - j - 9. Give y(4).
3
Let z(g) = g**3 + 15*g**2 + 10*g - 58. Calculate z(-14).
-2
Let s(x) = -x**3 - 7*x**2 - 8*x - 7. W